{"id":619,"date":"2020-03-18T05:05:59","date_gmt":"2020-03-18T04:05:59","guid":{"rendered":"http:\/\/xbase.unantastbar.one\/?page_id=619"},"modified":"2021-01-21T03:14:43","modified_gmt":"2021-01-21T02:14:43","slug":"liveticker","status":"publish","type":"page","link":"https:\/\/www.unantastbar.one\/?page_id=619","title":{"rendered":"Liveticker"},"content":{"rendered":"\t\t<div data-elementor-type=\"wp-page\" data-elementor-id=\"619\" class=\"elementor elementor-619\">\n\t\t\t\t\t\t\t\t\t<section class=\"elementor-section elementor-top-section elementor-element elementor-element-1dbcd07 elementor-section-boxed elementor-section-height-default elementor-section-height-default\" data-id=\"1dbcd07\" data-element_type=\"section\">\n\t\t\t\t\t\t<div class=\"elementor-container elementor-column-gap-default\">\n\t\t\t\t\t<div class=\"elementor-column elementor-col-100 elementor-top-column elementor-element elementor-element-2d468d5\" data-id=\"2d468d5\" data-element_type=\"column\">\n\t\t\t<div class=\"elementor-widget-wrap elementor-element-populated\">\n\t\t\t\t\t\t\t\t<div class=\"elementor-element elementor-element-48b1b3a elementor-widget elementor-widget-spacer\" data-id=\"48b1b3a\" data-element_type=\"widget\" data-widget_type=\"spacer.default\">\n\t\t\t\t<div class=\"elementor-widget-container\">\n\t\t\t\t\t<div class=\"elementor-spacer\">\n\t\t\t<div class=\"elementor-spacer-inner\"><\/div>\n\t\t<\/div>\n\t\t\t\t<\/div>\n\t\t\t\t<\/div>\n\t\t\t\t\t<\/div>\n\t\t<\/div>\n\t\t\t\t\t\t\t<\/div>\n\t\t<\/section>\n\t\t\t\t<section class=\"elementor-section elementor-top-section elementor-element elementor-element-06d2ecd elementor-section-boxed elementor-section-height-default elementor-section-height-default\" data-id=\"06d2ecd\" data-element_type=\"section\">\n\t\t\t\t\t\t<div class=\"elementor-container elementor-column-gap-default\">\n\t\t\t\t\t<div class=\"elementor-column elementor-col-100 elementor-top-column elementor-element elementor-element-0590f9d\" data-id=\"0590f9d\" data-element_type=\"column\">\n\t\t\t<div class=\"elementor-widget-wrap elementor-element-populated\">\n\t\t\t\t\t\t\t\t<div class=\"elementor-element elementor-element-993cd75 elementor-widget elementor-widget-text-editor\" data-id=\"993cd75\" data-element_type=\"widget\" data-widget_type=\"text-editor.default\">\n\t\t\t\t<div class=\"elementor-widget-container\">\n\t\t\t\t\t\t\t<p>Herzlich Willkommen in der Liveticker Zone von Unantastbar D\u00fcsseldorf. Hier gibt es zu jedem Spiel live und ohne Zeitverz\u00f6gerung aktuelle Spielst\u00e4nde. Der Liveticker wird bedient von Sabrina. Wir w\u00fcnschen Euch schon jetzt viel Freude beim mitlesen.<\/p>\t\t\t\t\t\t<\/div>\n\t\t\t\t<\/div>\n\t\t\t\t\t<\/div>\n\t\t<\/div>\n\t\t\t\t\t\t\t<\/div>\n\t\t<\/section>\n\t\t\t\t<section class=\"elementor-section elementor-top-section elementor-element elementor-element-b94d405 elementor-section-boxed elementor-section-height-default elementor-section-height-default\" data-id=\"b94d405\" data-element_type=\"section\">\n\t\t\t\t\t\t<div class=\"elementor-container elementor-column-gap-default\">\n\t\t\t\t\t<div class=\"elementor-column elementor-col-100 elementor-top-column elementor-element elementor-element-d67ce93\" data-id=\"d67ce93\" data-element_type=\"column\">\n\t\t\t<div class=\"elementor-widget-wrap elementor-element-populated\">\n\t\t\t\t\t\t\t\t<div class=\"elementor-element elementor-element-42e2dd3 elementor-widget elementor-widget-text-editor\" data-id=\"42e2dd3\" data-element_type=\"widget\" data-widget_type=\"text-editor.default\">\n\t\t\t\t<div class=\"elementor-widget-container\">\n\t\t\t\t\t\t\t<p>Der n\u00e4chste Liveticker wird <strong>nach Corona<\/strong> live aus der Sch\u00f6nau zu unserem vierten <a href=\"https:\/\/www.unantastbar.one\/?mec-events=6-spieltag-bundesliga-2-2\">Bundesligaspieltag\u00a0<\/a> hier zu finden sein.<\/p>\t\t\t\t\t\t<\/div>\n\t\t\t\t<\/div>\n\t\t\t\t\t<\/div>\n\t\t<\/div>\n\t\t\t\t\t\t\t<\/div>\n\t\t<\/section>\n\t\t\t\t\t\t\t<\/div>\n\t\t","protected":false},"excerpt":{"rendered":"<p>Herzlich Willkommen in der Liveticker Zone von Unantastbar D\u00fcsseldorf. Hier gibt es zu jedem Spiel live und ohne Zeitverz\u00f6gerung aktuelle Spielst\u00e4nde. Der Liveticker wird bedient von Sabrina. Wir w\u00fcnschen Euch schon jetzt viel Freude beim mitlesen. Der n\u00e4chste Liveticker wird nach Corona live aus der Sch\u00f6nau zu unserem vierten Bundesligaspieltag\u00a0 hier zu finden sein.<\/p>\n","protected":false},"author":1,"featured_media":0,"parent":0,"menu_order":0,"comment_status":"closed","ping_status":"closed","template":"elementor_header_footer","meta":{"footnotes":""},"class_list":["post-619","page","type-page","status-publish","hentry"],"_links":{"self":[{"href":"https:\/\/www.unantastbar.one\/index.php?rest_route=\/wp\/v2\/pages\/619","targetHints":{"allow":["GET"]}}],"collection":[{"href":"https:\/\/www.unantastbar.one\/index.php?rest_route=\/wp\/v2\/pages"}],"about":[{"href":"https:\/\/www.unantastbar.one\/index.php?rest_route=\/wp\/v2\/types\/page"}],"author":[{"embeddable":true,"href":"https:\/\/www.unantastbar.one\/index.php?rest_route=\/wp\/v2\/users\/1"}],"replies":[{"embeddable":true,"href":"https:\/\/www.unantastbar.one\/index.php?rest_route=%2Fwp%2Fv2%2Fcomments&post=619"}],"version-history":[{"count":23,"href":"https:\/\/www.unantastbar.one\/index.php?rest_route=\/wp\/v2\/pages\/619\/revisions"}],"predecessor-version":[{"id":1244,"href":"https:\/\/www.unantastbar.one\/index.php?rest_route=\/wp\/v2\/pages\/619\/revisions\/1244"}],"wp:attachment":[{"href":"https:\/\/www.unantastbar.one\/index.php?rest_route=%2Fwp%2Fv2%2Fmedia&parent=619"}],"curies":[{"name":"wp","href":"https:\/\/api.w.org\/{rel}","templated":true}]}}