{"id":306,"date":"2020-01-03T08:17:47","date_gmt":"2020-01-03T07:17:47","guid":{"rendered":"http:\/\/xbase.unantastbar.one\/?page_id=306"},"modified":"2026-01-22T00:39:27","modified_gmt":"2026-01-21T23:39:27","slug":"startseite","status":"publish","type":"page","link":"https:\/\/www.unantastbar.one\/","title":{"rendered":"Startseite"},"content":{"rendered":"\t\t<div data-elementor-type=\"wp-page\" data-elementor-id=\"306\" class=\"elementor elementor-306\">\n\t\t\t\t\t\t\t\t\t<section class=\"elementor-section elementor-top-section elementor-element elementor-element-8b35cc5 elementor-section-boxed elementor-section-height-default elementor-section-height-default\" data-id=\"8b35cc5\" data-element_type=\"section\">\n\t\t\t\t\t\t<div class=\"elementor-container elementor-column-gap-default\">\n\t\t\t\t\t<div class=\"elementor-column elementor-col-100 elementor-top-column elementor-element elementor-element-0a79faa\" data-id=\"0a79faa\" data-element_type=\"column\">\n\t\t\t<div class=\"elementor-widget-wrap elementor-element-populated\">\n\t\t\t\t\t\t\t\t<div class=\"elementor-element elementor-element-6f77c50 elementor-widget elementor-widget-spacer\" data-id=\"6f77c50\" data-element_type=\"widget\" data-widget_type=\"spacer.default\">\n\t\t\t\t<div class=\"elementor-widget-container\">\n\t\t\t\t\t<div class=\"elementor-spacer\">\n\t\t\t<div class=\"elementor-spacer-inner\"><\/div>\n\t\t<\/div>\n\t\t\t\t<\/div>\n\t\t\t\t<\/div>\n\t\t\t\t\t<\/div>\n\t\t<\/div>\n\t\t\t\t\t\t\t<\/div>\n\t\t<\/section>\n\t\t\t\t<section class=\"elementor-section elementor-top-section elementor-element elementor-element-07af9d6 elementor-section-boxed elementor-section-height-default elementor-section-height-default\" data-id=\"07af9d6\" data-element_type=\"section\">\n\t\t\t\t\t\t<div class=\"elementor-container elementor-column-gap-default\">\n\t\t\t\t\t<div class=\"elementor-column elementor-col-50 elementor-top-column elementor-element elementor-element-350dde6\" data-id=\"350dde6\" data-element_type=\"column\">\n\t\t\t<div class=\"elementor-widget-wrap elementor-element-populated\">\n\t\t\t\t\t\t\t\t<div class=\"elementor-element elementor-element-ee1680c elementor-widget elementor-widget-image\" data-id=\"ee1680c\" data-element_type=\"widget\" data-widget_type=\"image.default\">\n\t\t\t\t<div class=\"elementor-widget-container\">\n\t\t\t\t\t\t\t\t\t\t\t\t\t\t\t\t<a href=\"https:\/\/dedso.de\" target=\"_blank\">\n\t\t\t\t\t\t\t<img decoding=\"async\" src=\"https:\/\/www.unantastbar.one\/wp-content\/uploads\/elementor\/thumbs\/DEDSO-1-ri060exitpohfy6q09mteawvrfi9b883pif9sa4mym.png\" title=\"DEDSO\" alt=\"DEDSO\" loading=\"lazy\" \/>\t\t\t\t\t\t\t\t<\/a>\n\t\t\t\t\t\t\t\t\t\t\t\t\t\t\t<\/div>\n\t\t\t\t<\/div>\n\t\t\t\t\t<\/div>\n\t\t<\/div>\n\t\t\t\t<div class=\"elementor-column elementor-col-50 elementor-top-column elementor-element elementor-element-0e968f6\" data-id=\"0e968f6\" data-element_type=\"column\">\n\t\t\t<div class=\"elementor-widget-wrap elementor-element-populated\">\n\t\t\t\t\t\t\t\t<div class=\"elementor-element elementor-element-cdac6ba elementor-widget elementor-widget-heading\" data-id=\"cdac6ba\" data-element_type=\"widget\" data-widget_type=\"heading.default\">\n\t\t\t\t<div class=\"elementor-widget-container\">\n\t\t\t<h3 class=\"elementor-heading-title elementor-size-medium\">Herzlich Willkommen bei Unantastbar D\u00fcsseldorf<\/h3>\t\t<\/div>\n\t\t\t\t<\/div>\n\t\t\t\t<div class=\"elementor-element elementor-element-0d0aaf3 elementor-widget elementor-widget-text-editor\" data-id=\"0d0aaf3\" data-element_type=\"widget\" data-widget_type=\"text-editor.default\">\n\t\t\t\t<div class=\"elementor-widget-container\">\n\t\t\t\t\t\t\t<p style=\"text-align: center;\">Hier auf unserer kleinen Seite informieren wir euch \u00fcber alles Aktuelle, Spiele der <a href=\"https:\/\/dedso.de\" target=\"_blank\" rel=\"noopener\">DEDSO Bundesliga<\/a> und nat\u00fcrlich auch Turnierergebnisse von unseren Unantastbaren. Alle News gibt s in unserem kleinen <strong><a href=\"https:\/\/www.unantastbar.one\/?page_id=303\">Blog<\/a><\/strong>.<\/p>\t\t\t\t\t\t<\/div>\n\t\t\t\t<\/div>\n\t\t\t\t\t<\/div>\n\t\t<\/div>\n\t\t\t\t\t\t\t<\/div>\n\t\t<\/section>\n\t\t\t\t<section class=\"elementor-section elementor-top-section elementor-element elementor-element-1510f3a elementor-section-boxed elementor-section-height-default elementor-section-height-default\" data-id=\"1510f3a\" data-element_type=\"section\">\n\t\t\t\t\t\t<div class=\"elementor-container elementor-column-gap-default\">\n\t\t\t\t\t<div class=\"elementor-column elementor-col-100 elementor-top-column elementor-element elementor-element-1cd71aa\" data-id=\"1cd71aa\" data-element_type=\"column\">\n\t\t\t<div class=\"elementor-widget-wrap\">\n\t\t\t\t\t\t\t\t\t<\/div>\n\t\t<\/div>\n\t\t\t\t\t\t\t<\/div>\n\t\t<\/section>\n\t\t\t\t<section class=\"elementor-section elementor-top-section elementor-element elementor-element-846eb8b elementor-section-boxed elementor-section-height-default elementor-section-height-default\" data-id=\"846eb8b\" data-element_type=\"section\">\n\t\t\t\t\t\t<div class=\"elementor-container elementor-column-gap-default\">\n\t\t\t\t\t<div class=\"elementor-column elementor-col-100 elementor-top-column elementor-element elementor-element-3154b97\" data-id=\"3154b97\" data-element_type=\"column\">\n\t\t\t<div class=\"elementor-widget-wrap elementor-element-populated\">\n\t\t\t\t\t\t\t\t<div class=\"elementor-element elementor-element-139e00a elementor-widget-divider--view-line elementor-widget elementor-widget-divider\" data-id=\"139e00a\" data-element_type=\"widget\" data-widget_type=\"divider.default\">\n\t\t\t\t<div class=\"elementor-widget-container\">\n\t\t\t\t\t<div class=\"elementor-divider\">\n\t\t\t<span class=\"elementor-divider-separator\">\n\t\t\t\t\t\t<\/span>\n\t\t<\/div>\n\t\t\t\t<\/div>\n\t\t\t\t<\/div>\n\t\t\t\t\t<\/div>\n\t\t<\/div>\n\t\t\t\t\t\t\t<\/div>\n\t\t<\/section>\n\t\t\t\t<section class=\"elementor-section elementor-top-section elementor-element elementor-element-96cc803 elementor-section-boxed elementor-section-height-default elementor-section-height-default\" data-id=\"96cc803\" data-element_type=\"section\">\n\t\t\t\t\t\t<div class=\"elementor-container elementor-column-gap-default\">\n\t\t\t\t\t<div class=\"elementor-column elementor-col-100 elementor-top-column elementor-element elementor-element-818f844\" data-id=\"818f844\" data-element_type=\"column\">\n\t\t\t<div class=\"elementor-widget-wrap elementor-element-populated\">\n\t\t\t\t\t\t\t\t<div class=\"elementor-element elementor-element-cc39193 elementor-widget elementor-widget-text-editor\" data-id=\"cc39193\" data-element_type=\"widget\" data-widget_type=\"text-editor.default\">\n\t\t\t\t<div class=\"elementor-widget-container\">\n\t\t\t\t\t\t\t<p><img fetchpriority=\"high\" decoding=\"async\" class=\"size-medium wp-image-1071 alignleft\" src=\"https:\/\/unantastbar.one\/wp-content\/uploads\/2020\/04\/walter-300x214.png\" alt=\"\" width=\"300\" height=\"214\" srcset=\"https:\/\/www.unantastbar.one\/wp-content\/uploads\/2020\/04\/walter-300x214.png 300w, https:\/\/www.unantastbar.one\/wp-content\/uploads\/2020\/04\/walter.png 399w\" sizes=\"(max-width: 300px) 100vw, 300px\" \/>und vielleicht, aber auch nur vielleicht, gibt es bald einen kleinen Shop mit richtig geilen Klamotten hier&#8230; und wenn es diesen Shop geben sollte, werden wir von jeder Bestellung 10% an unsere Freunde von <em><strong><a href=\"http:\/\/www.deutschlandsagtnein.org\" target=\"_blank\" rel=\"noopener\">DsN Tierschutz f\u00fcr alle<\/a><\/strong><\/em> abgeben&#8230; denn die Fellnasen in Giurgiu\/Rum\u00e4nien werden sich freuen.<\/p><p>Aber ist ja alles nur &#8222;was w\u00e4re wenn&#8220;&#8230; Walter, was sagst Du dazu&#8230;?<\/p><p>Walter: \u201e<em>Ich verstehe Ihre Frage so, dass es Menschen in Westdeutschland gibt, die w\u00fcnschen, dass wir die Drucker der Hauptstadt der DDR mobilisieren, um Shirts f\u00fcr Unantastbar D\u00fcsseldorf zu drucken, ja? Mir ist nicht bekannt, dass solche Absicht besteht, da sich die Drucker in der Hauptstadt haupts\u00e4chlich mit Wahlzetteln besch\u00e4ftigen, und ihre Arbeitskraft voll ausgenutzt \u2026 \u00e4h voll eingesetzt wird.<\/em>\u201c<\/p>\t\t\t\t\t\t<\/div>\n\t\t\t\t<\/div>\n\t\t\t\t\t<\/div>\n\t\t<\/div>\n\t\t\t\t\t\t\t<\/div>\n\t\t<\/section>\n\t\t\t\t<section class=\"elementor-section elementor-top-section elementor-element elementor-element-a2c8803 elementor-section-boxed elementor-section-height-default elementor-section-height-default\" data-id=\"a2c8803\" data-element_type=\"section\">\n\t\t\t\t\t\t<div class=\"elementor-container elementor-column-gap-default\">\n\t\t\t\t\t<div class=\"elementor-column elementor-col-100 elementor-top-column elementor-element elementor-element-459ec29\" data-id=\"459ec29\" data-element_type=\"column\">\n\t\t\t<div class=\"elementor-widget-wrap elementor-element-populated\">\n\t\t\t\t\t\t\t\t<div class=\"elementor-element elementor-element-25d0875 elementor-widget-divider--view-line elementor-widget elementor-widget-divider\" data-id=\"25d0875\" data-element_type=\"widget\" data-widget_type=\"divider.default\">\n\t\t\t\t<div class=\"elementor-widget-container\">\n\t\t\t\t\t<div class=\"elementor-divider\">\n\t\t\t<span class=\"elementor-divider-separator\">\n\t\t\t\t\t\t<\/span>\n\t\t<\/div>\n\t\t\t\t<\/div>\n\t\t\t\t<\/div>\n\t\t\t\t\t<\/div>\n\t\t<\/div>\n\t\t\t\t\t\t\t<\/div>\n\t\t<\/section>\n\t\t\t\t<section class=\"elementor-section elementor-top-section elementor-element elementor-element-f329716 elementor-section-boxed elementor-section-height-default elementor-section-height-default\" data-id=\"f329716\" data-element_type=\"section\">\n\t\t\t\t\t\t<div class=\"elementor-container elementor-column-gap-default\">\n\t\t\t\t\t<div class=\"elementor-column elementor-col-33 elementor-top-column elementor-element elementor-element-835d4a9\" data-id=\"835d4a9\" data-element_type=\"column\">\n\t\t\t<div class=\"elementor-widget-wrap elementor-element-populated\">\n\t\t\t\t\t\t\t\t<div class=\"elementor-element elementor-element-e3a826b elementor-widget-divider--view-line elementor-widget elementor-widget-divider\" data-id=\"e3a826b\" data-element_type=\"widget\" data-widget_type=\"divider.default\">\n\t\t\t\t<div class=\"elementor-widget-container\">\n\t\t\t\t\t<div class=\"elementor-divider\">\n\t\t\t<span class=\"elementor-divider-separator\">\n\t\t\t\t\t\t<\/span>\n\t\t<\/div>\n\t\t\t\t<\/div>\n\t\t\t\t<\/div>\n\t\t\t\t\t<\/div>\n\t\t<\/div>\n\t\t\t\t<div class=\"elementor-column elementor-col-33 elementor-top-column elementor-element elementor-element-d6877e1\" data-id=\"d6877e1\" data-element_type=\"column\">\n\t\t\t<div class=\"elementor-widget-wrap elementor-element-populated\">\n\t\t\t\t\t\t\t\t<div class=\"elementor-element elementor-element-bc2e3e4 animated-slow elementor-invisible elementor-widget elementor-widget-text-editor\" data-id=\"bc2e3e4\" data-element_type=\"widget\" data-settings=\"{&quot;_animation&quot;:&quot;fadeInUp&quot;}\" data-widget_type=\"text-editor.default\">\n\t\t\t\t<div class=\"elementor-widget-container\">\n\t\t\t\t\t\t\t<p style=\"text-align: center;\">Schaue dir auch den <a href=\"https:\/\/www.unantastbar.one\/?page_id=619\"><strong>Unantastbar D\u00fcsseldorf LIVE<\/strong>TICKER<\/a> an&#8230; der ist neu und nur f\u00fcr dich&#8230;<\/p>\t\t\t\t\t\t<\/div>\n\t\t\t\t<\/div>\n\t\t\t\t\t<\/div>\n\t\t<\/div>\n\t\t\t\t<div class=\"elementor-column elementor-col-33 elementor-top-column elementor-element elementor-element-a525077\" data-id=\"a525077\" data-element_type=\"column\">\n\t\t\t<div class=\"elementor-widget-wrap elementor-element-populated\">\n\t\t\t\t\t\t\t\t<div class=\"elementor-element elementor-element-5750c94 elementor-widget-divider--view-line elementor-widget elementor-widget-divider\" data-id=\"5750c94\" data-element_type=\"widget\" data-widget_type=\"divider.default\">\n\t\t\t\t<div class=\"elementor-widget-container\">\n\t\t\t\t\t<div class=\"elementor-divider\">\n\t\t\t<span class=\"elementor-divider-separator\">\n\t\t\t\t\t\t<\/span>\n\t\t<\/div>\n\t\t\t\t<\/div>\n\t\t\t\t<\/div>\n\t\t\t\t\t<\/div>\n\t\t<\/div>\n\t\t\t\t\t\t\t<\/div>\n\t\t<\/section>\n\t\t\t\t<section class=\"elementor-section elementor-top-section elementor-element elementor-element-843acb0 elementor-section-boxed elementor-section-height-default elementor-section-height-default\" data-id=\"843acb0\" data-element_type=\"section\">\n\t\t\t\t\t\t<div class=\"elementor-container elementor-column-gap-default\">\n\t\t\t\t\t<div class=\"elementor-column elementor-col-100 elementor-top-column elementor-element elementor-element-80aea1e\" data-id=\"80aea1e\" data-element_type=\"column\">\n\t\t\t<div class=\"elementor-widget-wrap elementor-element-populated\">\n\t\t\t\t\t\t\t\t<div class=\"elementor-element elementor-element-7cf1f9f elementor-widget elementor-widget-spacer\" data-id=\"7cf1f9f\" data-element_type=\"widget\" data-widget_type=\"spacer.default\">\n\t\t\t\t<div class=\"elementor-widget-container\">\n\t\t\t\t\t<div class=\"elementor-spacer\">\n\t\t\t<div class=\"elementor-spacer-inner\"><\/div>\n\t\t<\/div>\n\t\t\t\t<\/div>\n\t\t\t\t<\/div>\n\t\t\t\t\t<\/div>\n\t\t<\/div>\n\t\t\t\t\t\t\t<\/div>\n\t\t<\/section>\n\t\t\t\t\t\t\t<\/div>\n\t\t","protected":false},"excerpt":{"rendered":"<p>Herzlich Willkommen bei Unantastbar D\u00fcsseldorf Hier auf unserer kleinen Seite informieren wir euch \u00fcber alles Aktuelle, Spiele der DEDSO Bundesliga und nat\u00fcrlich auch Turnierergebnisse von unseren Unantastbaren. Alle News gibt s in unserem kleinen Blog. und vielleicht, aber auch nur vielleicht, gibt es bald einen kleinen Shop mit richtig geilen Klamotten hier&#8230; und wenn es&hellip; <\/p>\n","protected":false},"author":1,"featured_media":0,"parent":0,"menu_order":0,"comment_status":"closed","ping_status":"closed","template":"elementor_header_footer","meta":{"footnotes":""},"class_list":["post-306","page","type-page","status-publish","hentry"],"_links":{"self":[{"href":"https:\/\/www.unantastbar.one\/index.php?rest_route=\/wp\/v2\/pages\/306","targetHints":{"allow":["GET"]}}],"collection":[{"href":"https:\/\/www.unantastbar.one\/index.php?rest_route=\/wp\/v2\/pages"}],"about":[{"href":"https:\/\/www.unantastbar.one\/index.php?rest_route=\/wp\/v2\/types\/page"}],"author":[{"embeddable":true,"href":"https:\/\/www.unantastbar.one\/index.php?rest_route=\/wp\/v2\/users\/1"}],"replies":[{"embeddable":true,"href":"https:\/\/www.unantastbar.one\/index.php?rest_route=%2Fwp%2Fv2%2Fcomments&post=306"}],"version-history":[{"count":219,"href":"https:\/\/www.unantastbar.one\/index.php?rest_route=\/wp\/v2\/pages\/306\/revisions"}],"predecessor-version":[{"id":1713,"href":"https:\/\/www.unantastbar.one\/index.php?rest_route=\/wp\/v2\/pages\/306\/revisions\/1713"}],"wp:attachment":[{"href":"https:\/\/www.unantastbar.one\/index.php?rest_route=%2Fwp%2Fv2%2Fmedia&parent=306"}],"curies":[{"name":"wp","href":"https:\/\/api.w.org\/{rel}","templated":true}]}}