{"id":3,"date":"2019-12-31T02:41:15","date_gmt":"2019-12-31T01:41:15","guid":{"rendered":"http:\/\/xbase.unantastbar.one\/?page_id=3"},"modified":"2020-06-09T06:39:33","modified_gmt":"2020-06-09T04:39:33","slug":"datenschutzerklaerung","status":"publish","type":"page","link":"https:\/\/www.unantastbar.one\/?page_id=3","title":{"rendered":"Datenschutzerkl\u00e4rung"},"content":{"rendered":"\t\t<div data-elementor-type=\"wp-page\" data-elementor-id=\"3\" class=\"elementor elementor-3\">\n\t\t\t\t\t\t\t\t\t<section class=\"elementor-section elementor-top-section elementor-element elementor-element-f5e0764 elementor-section-boxed elementor-section-height-default elementor-section-height-default\" data-id=\"f5e0764\" data-element_type=\"section\">\n\t\t\t\t\t\t<div class=\"elementor-container elementor-column-gap-default\">\n\t\t\t\t\t<div class=\"elementor-column elementor-col-100 elementor-top-column elementor-element elementor-element-ad3f048\" data-id=\"ad3f048\" data-element_type=\"column\">\n\t\t\t<div class=\"elementor-widget-wrap elementor-element-populated\">\n\t\t\t\t\t\t\t\t<div class=\"elementor-element elementor-element-dc02ae5 elementor-widget elementor-widget-spacer\" data-id=\"dc02ae5\" data-element_type=\"widget\" data-widget_type=\"spacer.default\">\n\t\t\t\t<div class=\"elementor-widget-container\">\n\t\t\t\t\t<div class=\"elementor-spacer\">\n\t\t\t<div class=\"elementor-spacer-inner\"><\/div>\n\t\t<\/div>\n\t\t\t\t<\/div>\n\t\t\t\t<\/div>\n\t\t\t\t\t<\/div>\n\t\t<\/div>\n\t\t\t\t\t\t\t<\/div>\n\t\t<\/section>\n\t\t\t\t<section class=\"elementor-section elementor-top-section elementor-element elementor-element-f65f33b elementor-section-boxed elementor-section-height-default elementor-section-height-default\" data-id=\"f65f33b\" data-element_type=\"section\">\n\t\t\t\t\t\t<div class=\"elementor-container elementor-column-gap-default\">\n\t\t\t\t\t<div class=\"elementor-column elementor-col-100 elementor-top-column elementor-element elementor-element-0a33cc8\" data-id=\"0a33cc8\" data-element_type=\"column\">\n\t\t\t<div class=\"elementor-widget-wrap elementor-element-populated\">\n\t\t\t\t\t\t\t\t<div class=\"elementor-element elementor-element-38d0ffa elementor-widget elementor-widget-text-editor\" data-id=\"38d0ffa\" data-element_type=\"widget\" data-widget_type=\"text-editor.default\">\n\t\t\t\t<div class=\"elementor-widget-container\">\n\t\t\t\t\t\t\t<p style=\"text-align: left;\"><strong>Datenschutzerkl\u00e4rung <\/strong>f\u00fcr die Seite <a href=\"https:\/\/www.unantastbar.one\">www.unantastbar.one<\/a> \u00fcber den Umgang mit personenbezogenen Daten im Rahmen der Nutzung dieser Seite.<\/p><p>Die Website erhebt und speichert automatisch in ihren Serverprotokollen Informationen, die dein Browser \u00fcbermittelt. Dies sind im Einzelnen:<\/p><p>\u2013 Browsertyp\/-version<br \/>\u2013 verwendetes Betriebssystem<br \/>\u2013 Referrer URL (die zuvor besuchte Seite)<br \/>\u2013 Hostname des zugreifenden Rechners (IP Adresse)<br \/>\u2013 Uhrzeit der Serveranfrage<\/p><p>Die Nutzung dieser Webseite ist komplett ohne Angabe personenbezogener Daten m\u00f6glich.<\/p><p>Um dir das Angebot so angenehm wie m\u00f6glich zu gestalten verwenden wir Cookies. Cookies sind kleine Textdateien, die eine Wiedererkennung des Nutzers erm\u00f6glichen, was zu schnelleren Ladezeiten der Webseite f\u00fchrt.<\/p><p>Selbstverst\u00e4ndlich kannst Du das Angebot von uns grunds\u00e4tzlich auch ohne Cookies nutzen. www-Browser lassen sich so einstellen, dass Cookies generell abgelehnt werden.<\/p><p>Auf der Website finden sich auch Links zu anderen Webseiten, die nicht von uns betrieben werden. Soweit Du diese Webseiten besucht, solltest Du dir, die auf dieser Website jeweils geltenden, Datenschutzbestimmungen und sonstigen Hinweise beachten. Wir \u00fcbernehmen keinerlei Verantwortung f\u00fcr den Datenschutzstandard und den Umgang mit personenbezogenen Daten anderer Webseiten.<\/p><p>Du hast jederzeit das Recht auf Auskunft \u00fcber die, bez\u00fcglich deiner Person gespeicherten, Daten. Wenn Du Fragen hast, die dir diese Datenschutzerkl\u00e4rung nicht beantworten konnte oder wenn Du zu einem Punkt vertiefte Informationen w\u00fcnschst, wende dich sich bitte an uns.<\/p><p>Wir weisen darauf hin, dass die Daten\u00fcbertragung im Internet (z.B. bei der Kommunikation per E-Mail) Sicherheitsl\u00fccken aufweisen kann. Ein l\u00fcckenloser Schutz der Daten vor dem Zugriff durch Dritte ist nicht m\u00f6glich.<\/p><p>Wir behalten uns das Recht vor, diese Datenschutzerkl\u00e4rung jederzeit unter Beachtung der geltenden Datenschutzbestimmungen zu \u00e4ndern.<\/p>\t\t\t\t\t\t<\/div>\n\t\t\t\t<\/div>\n\t\t\t\t\t<\/div>\n\t\t<\/div>\n\t\t\t\t\t\t\t<\/div>\n\t\t<\/section>\n\t\t\t\t\t\t\t<\/div>\n\t\t","protected":false},"excerpt":{"rendered":"<p>Datenschutzerkl\u00e4rung f\u00fcr die Seite www.unantastbar.one \u00fcber den Umgang mit personenbezogenen Daten im Rahmen der Nutzung dieser Seite. Die Website erhebt und speichert automatisch in ihren Serverprotokollen Informationen, die dein Browser \u00fcbermittelt. Dies sind im Einzelnen: \u2013 Browsertyp\/-version\u2013 verwendetes Betriebssystem\u2013 Referrer URL (die zuvor besuchte Seite)\u2013 Hostname des zugreifenden Rechners (IP Adresse)\u2013 Uhrzeit der Serveranfrage Die&hellip; <\/p>\n","protected":false},"author":1,"featured_media":0,"parent":0,"menu_order":0,"comment_status":"closed","ping_status":"open","template":"elementor_header_footer","meta":{"footnotes":""},"class_list":["post-3","page","type-page","status-publish","hentry"],"_links":{"self":[{"href":"https:\/\/www.unantastbar.one\/index.php?rest_route=\/wp\/v2\/pages\/3","targetHints":{"allow":["GET"]}}],"collection":[{"href":"https:\/\/www.unantastbar.one\/index.php?rest_route=\/wp\/v2\/pages"}],"about":[{"href":"https:\/\/www.unantastbar.one\/index.php?rest_route=\/wp\/v2\/types\/page"}],"author":[{"embeddable":true,"href":"https:\/\/www.unantastbar.one\/index.php?rest_route=\/wp\/v2\/users\/1"}],"replies":[{"embeddable":true,"href":"https:\/\/www.unantastbar.one\/index.php?rest_route=%2Fwp%2Fv2%2Fcomments&post=3"}],"version-history":[{"count":18,"href":"https:\/\/www.unantastbar.one\/index.php?rest_route=\/wp\/v2\/pages\/3\/revisions"}],"predecessor-version":[{"id":1177,"href":"https:\/\/www.unantastbar.one\/index.php?rest_route=\/wp\/v2\/pages\/3\/revisions\/1177"}],"wp:attachment":[{"href":"https:\/\/www.unantastbar.one\/index.php?rest_route=%2Fwp%2Fv2%2Fmedia&parent=3"}],"curies":[{"name":"wp","href":"https:\/\/api.w.org\/{rel}","templated":true}]}}